
-212212
Convert -16 (base 13) to base 16.
-13
What is -1000202211 (base 3) in base 12?
-b871
Convert 396 (base 12) to base 9.
666
Convert 4050 (base 13) to base 11.
6719
Convert 3001023 (base 4) to base 6.
133123
363 (base 9) to base 2
100101100
What is -100001101110111 (base 2) in base 10?
-17271
What is -311220 (base 4) in base 9?
-4633
What is -1226 (base 10) in base 7?
-3401
What is -224140 (base 5) in base 15?
-25b5
-121021 (base 3) to base 12
-307
What is 10010110000010 (base 2) in base 14?
36dc
121121 (base 3) to base 15
1ed
What is -20320 (base 4) in base 13?
-349
Convert 101001122 (base 3) to base 6.
53542
-35 (base 8) to base 15
-1e
What is 6c (base 13) in base 12?
76
10023003 (base 4) to base 14
632b
362 (base 16) to base 6
4002
-6043 (base 7) to base 15
-944
What is 1187 (base 10) in base 4?
102203
What is 25634 (base 7) in base 14?
26c4
What is -21212 (base 3) in base 11?
-183
Convert -1111 (base 7) to base 2.
-110010000
What is -132313 (base 4) in base 6?
-13051
Convert -ab0 (base 14) to base 7.
-6110
Convert -1100000001 (base 2) to base 15.
-364
300043 (base 6) to base 2
101101100111011
Convert -1558 (base 14) to base 8.
-7332
What is -3165 (base 13) in base 8?
-15273
-13613 (base 8) to base 4
-1132023
What is -2331222 (base 4) in base 6?
-132110
Convert 1a79 (base 13) to base 3.
12110200
What is 306 (base 11) in base 10?
369
329 (base 11) to base 5
3034
What is -61273 (base 8) in base 15?
-7750
203 (base 6) to base 13
5a
-20c0 (base 13) to base 12
-2772
Convert -164363 (base 7) to base 12.
-16b75
Convert -1152 (base 7) to base 14.
-229
What is -1a95 (base 15) in base 7?
-22544
-155b (base 13) to base 15
-dcd
Convert -4b95 (base 13) to base 5.
-321034
Convert -214164 (base 8) to base 13.
-268aa
Convert 200011 (base 4) to base 16.
805
-1a7 (base 16) to base 9
-520
-8434 (base 10) to base 14
-3106
-ad4 (base 14) to base 12
-12aa
100100001001101 (base 2) to base 3
221101112
Convert 5724 (base 11) to base 12.
4434
-629 (base 16) to base 3
-2011102
Convert 22012001 (base 3) to base 15.
1b7d
21331 (base 11) to base 3
1120112112
Convert 3515 (base 10) to base 12.
204b
17302 (base 9) to base 13
5561
-3c66 (base 15) to base 10
-12921
What is 3136 (base 8) in base 12?
b3a
What is -734 (base 12) in base 9?
-1384
Convert -2840 (base 11) to base 10.
-3674
1438 (base 11) to base 3
2112202
What is -30b3 (base 12) in base 16?
-14c7
44235 (base 8) to base 14
6abb
Convert 1050 (base 6) to base 5.
1441
Convert -323 (base 8) to base 4.
-3103
Convert -851 (base 9) to base 8.
-1266
What is 82848 (base 9) in base 11?
38061
5a86 (base 13) to base 2
11000111110001
-1100110102 (base 3) to base 4
-12133103
Convert 125c (base 16) to base 6.
33432
What is 213 (base 4) in base 2?
100111
What is -227 (base 14) in base 16?
-1ab
What is 111111001101 (base 2) in base 9?
5484
Convert -26021 (base 7) to base 12.
-3b8b
bb65 (base 13) to base 15
7b09
12650 (base 9) to base 2
10000101100110
Convert -1576 (base 9) to base 10.
-1203
Convert -21840 (base 13) to base 16.
-ed33
What is -8044 (base 9) in base 11?
-4459
What is 1044 (base 5) in base 11?
126
Convert -39f (base 16) to base 15.
-41c
Convert -73d (base 16) to base 10.
-1853
Convert -508 (base 16) to base 7.
-3520
What is -138 (base 12) in base 10?
-188
40041 (base 5) to base 15
b31
What is 45254 (base 10) in base 11?
31000
Convert 2fff (base 16) to base 2.
10111111111111
What is 100 (base 13) in base 16?
a9
-1924 (base 12) to base 10
-3052
33434 (base 5) to base 3
10020202
Convert 1100000111 (base 2) to base 14.
3d5
Convert 31321 (base 5) to base 13.
c46
What is 43411 (base 7) in base 2?
10101001010101
29aa6 (base 12) to base 4
32103132
Convert -2154 (base 6) to base 16.
-1f6
What is -17025 (base 9) in base 14?
-438b
What is 21223 (base 4) in base 15?
2b4
What is -223202 (base 4) in base 15?
-c5b
Convert -11010 (base 2) to base 8.
-32
Convert -244 (base 5) to base 14.
-54
Convert 116 (base 11) to base 2.
10001010
-113303 (base 5) to base 8
-10153
103204 (base 5) to base 8
6742
What is 47d (base 16) in base 7?
3231
Convert 11c (base 16) to base 2.
100011100
Convert a6 (base 16) to base 4.
2212
Convert -30360 (base 9) to base 12.
-b690
b2b (base 14) to base 7
6254
Convert -430 (base 6) to base 11.
-138
-4702 (base 13) to base 3
-111200101
10003 (base 4) to base 13
16c
What is -10001110100011 (base 2) in base 3?
-110111220
-29de (base 16) to base 11
-8064
What is -4301 (base 5) in base 10?
-576
Convert 2072 (base 9) to base 14.
7ab
25 (base 11) to base 9
30
Convert -48063 (base 10) to base 13.
-18b52
What is -23343 (base 5) in base 13?
-a27
4108 (base 10) to base 9
5564
3915 (base 12) to base 4
1211201
556 (base 9) to base 12
320
Convert 1273 (base 8) to base 12.
4a3
Convert 1202000000 (base 3) to base 13.
12798
What is -18c0 (base 15) in base 7?
-21420
2433223 (base 5) to base 10
46063
What is -3734 (base 8) in base 11?
-156a
What is ad13 (base 15) in base 12?
19299
Convert -13ab (base 13) to base 11.
-2157
Convert 1120221000 (base 3) to base 5.
2000133
What is 1001120121 (base 3) in base 2?
101000101100001
What is -12232 (base 5) in base 8?
-1656
What is -11a36 (base 11) in base 5?
-1022341
Convert 11112 (base 4) to base 16.
156
What is -8a5 (base 13) in base 15?
-692
What is -4494 (base 12) in base 16?
-1db0
What is 35451 (base 6) in base 7?
20665
Convert 10701 (base 9) to base 2.
1101111011001
Convert -70471 (base 8) to base 9.
-43675
Convert 30301303 (base 4) to base 10.
52339
2555 (base 8) to base 11
1053
12006 (base 7) to base 3
11020120
-156 (base 8) to base 5
-420
What is -5467 (base 10) in base 13?
-2647
Convert -8 (base 10) to base 11.
-8
Convert 12202221 (base 3) to base 12.
252a
What is -14667 (base 8) in base 9?
-10024
What is 773 (base 14) in base 10?
1473
What is 1651 (base 7) in base 6?
3041
-b84 (base 14) to base 15
-a17
-cd0 (base 14) to base 11
-19a4
1010220 (base 3) to base 7
2301
What is 142402 (base 5) in base 11?
4544
What is 2942 (base 16) in base 4?
2211002
Convert -2642 (base 14) to base 10.
-6722
What is -27c8 (base 13) in base 15?
-1a7b
-9cc1 (base 14) to base 7
-142231
What is 11110110001 (base 2) in base 8?
3661
What is 46277 (base 10) in base 7?
251630
Convert -66642 (base 8) to base 2.
-110110110100010
Convert 12260 (base 7) to base 11.
2474
292a (base 13) to base 7
23231
What is 3143 (base 12) in base 9?
7336
911a (base 14) to base 13
b458
What is 15b (base 14) in base 12?
1b1
-2342134 (base 5) to base 14
-11b75
What is 10001010001001 (base 2) in base 4?
2022021
Convert -999 (base 12) to base 7.
-4056
What is -3113 (base 4) in base 15?
-e5
-5c5 (base 14) to base 5
-14103
Convert -263 (base 15) to base 8.
-1037
Convert 13323 (base 5) to base 15.
4c8
10001111011 (base 3) to base 8
165345
What is -241 (base 13) in base 9?
-474
What is 15302 (base 6) in base 9?
3362
What is 2403 (base 6) in base 2?
1001000011
What is -757 (base 10) in base 4?
-23311
Convert -17137 (base 8) to base 12.
-45bb
114 (base 10) to base 4
1302
Convert 1565 (base 10) to base 6.
11125
What is -200 (base 7) in base 8?
-142
What is -9dde (base 16) in base 11?
-28400
-23311 (base 4) to base 14
-3c1
-1023 (base 11) to base 3
-1212020
4366 (base 16) to base 10
17254
-5627 (base 9) to base 14
-172c
What is 23041 (base 5) in base 6?
11342
-154611 (base 7) to base 15
-9076
-23b (base 15) to base 4
-13322
What is 222222 (base 4) in base 2?
101010101010
Convert -3155 (base 6) to base 14.
-395
Convert 103d (base 16) to base 13.
1b7a
Convert 4579 (base 10) to base 9.
6247
5221 (base 6) to base 11
96a
Convert -101002101 (base 3) to base 13.
-3469
What is -581c (base 15) in base 11?
-13062
Convert 101000101111101 (base 2) to base 9.
31548
-10c5 (base 16) to base 4
-1003011
What is 1467 (base 10) in base 9?
2010
Convert 44333 (base 5) to base 8.
6025
Convert -2459 (base 11) to base 4.
-302022
Convert 1122 (base 5) to base 11.
138
What is 31214 (base 5) in base 14?
a71
-4213 (base 16) to base 8
-41023
1821 (base 13) to base 8
6770
Convert 5b (base 12) to base 10.
71
1111 (base 13) to base 9
3234
-2b8 (base 12) to base 13
-26c
What is 1e88 (base 16) in base 11?
5966
Convert -49 (base 13) to base 4.
-331
54c5 (base 15) to base 9
26565
Convert 11101001110110 (base 2) to base 12.
87b2
What is -11448 (base 10) in base 3?
-120